 of 16117?
71, 227
What are the prime factors of 45817?
45817
List the prime factors of 49383.
3, 31, 59
List the prime factors of 1904.
2, 7, 17
List the prime factors of 2048.
2
List the prime factors of 113489.
113489
List the prime factors of 74.
2, 37
List the prime factors of 44758.
2, 7, 23, 139
What are the prime factors of 764?
2, 191
List the prime factors of 8141.
7, 1163
List the prime factors of 17238.
2, 3, 13, 17
List the prime factors of 52731.
3, 7, 31
List the prime factors of 5602.
2, 2801
List the prime factors of 3125.
5
What are the prime factors of 2763?
3, 307
What are the prime factors of 22573?
22573
What are the prime factors of 290?
2, 5, 29
List the prime factors of 12160.
2, 5, 19
What are the prime factors of 20922?
2, 3, 11, 317
List the prime factors of 11542.
2, 29, 199
What are the prime factors of 10362?
2, 3, 11, 157
List the prime factors of 3981.
3, 1327
List the prime factors of 3880.
2, 5, 97
What are the prime factors of 16234?
2, 8117
What are the prime factors of 24457?
37, 661
List the prime factors of 1160.
2, 5, 29
What are the prime factors of 995?
5, 199
List the prime factors of 10305.
3, 5, 229
List the prime factors of 5130.
2, 3, 5, 19
List the prime factors of 2115.
3, 5, 47
List the prime factors of 1031.
1031
What are the prime factors of 2473?
2473
What are the prime factors of 3616?
2, 113
What are the prime factors of 342?
2, 3, 19
What are the prime factors of 2072?
2, 7, 37
What are the prime factors of 25485?
3, 5, 1699
What are the prime factors of 1581?
3, 17, 31
What are the prime factors of 300?
2, 3, 5
What are the prime factors of 38589?
3, 19, 677
List the prime factors of 2613.
3, 13, 67
What are the prime factors of 404?
2, 101
List the prime factors of 4316.
2, 13, 83
List the prime factors of 4685.
5, 937
List the prime factors of 15042.
2, 3, 23, 109
What are the prime factors of 11656?
2, 31, 47
List the prime factors of 36892.
2, 23, 401
List the prime factors of 239.
239
List the prime factors of 35628.
2, 3, 2969
What are the prime factors of 15728?
2, 983
List the prime factors of 637.
7, 13
What are the prime factors of 14624?
2, 457
List the prime factors of 39240.
2, 3, 5, 109
What are the prime factors of 159213?
3, 73, 727
List the prime factors of 38929.
11, 3539
What are the prime factors of 1530?
2, 3, 5, 17
List the prime factors of 3976.
2, 7, 71
What are the prime factors of 12390?
2, 3, 5, 7, 59
What are the prime factors of 4193?
7, 599
List the prime factors of 1006.
2, 503
List the prime factors of 358.
2, 179
List the prime factors of 3920.
2, 5, 7
What are the prime factors of 1429?
1429
List the prime factors of 6145.
5, 1229
List the prime factors of 2907.
3, 17, 19
List the prime factors of 51584.
2, 13, 31
What are the prime factors of 197?
197
List the prime factors of 958.
2, 479
List the prime factors of 35738.
2, 107, 167
List the prime factors of 1030.
2, 5, 103
What are the prime factors of 3892?
2, 7, 139
List the prime factors of 12997.
41, 317
List the prime factors of 2261.
7, 17, 19
List the prime factors of 36521.
59, 619
List the prime factors of 3275.
5, 131
What are the prime factors of 43990?
2, 5, 53, 83
List the prime factors of 10138.
2, 37, 137
List the prime factors of 73299.
3, 53, 461
List the prime factors of 120835.
5, 11, 13
List the prime factors of 415.
5, 83
List the prime factors of 3415.
5, 683
What are the prime factors of 14514?
2, 3, 41, 59
What are the prime factors of 45912?
2, 3, 1913
List the prime factors of 2915.
5, 11, 53
What are the prime factors of 727?
727
What are the prime factors of 16576?
2, 7, 37
List the prime factors of 22809.
3, 7603
List the prime factors of 502.
2, 251
What are the prime factors of 5813?
5813
List the prime factors of 3584.
2, 7
What are the prime factors of 682?
2, 11, 31
List the prime factors of 2382.
2, 3, 397
What are the prime factors of 86515?
5, 11, 13
List the prime factors of 2860.
2, 5, 11, 13
What are the prime factors of 4624?
2, 17
List the prime factors of 9055.
5, 1811
List the prime factors of 74392.
2, 17, 547
List the prime factors of 1795.
5, 359
List the prime factors of 12077.
13, 929
List the prime factors of 1598.
2, 17, 47
List the prime factors of 2260.
2, 5, 113
List the prime factors of 28652.
2, 13, 19, 29
What are the prime factors of 43299?
3, 17, 283
What are the prime factors of 30551?
137, 223
List the prime factors of 5652.
2, 3, 157
What are the prime factors of 7110?
2, 3, 5, 79
What are the prime factors of 946?
2, 11, 43
What are the prime factors of 41713?
7, 59, 101
What are the prime factors of 91360?
2, 5, 571
What are the prime factors of 11330?
2, 5, 11, 103
List the prime factors of 1350.
2, 3, 5
What are the prime factors of 10638?
2, 3, 197
What are the prime factors of 50261?
50261
List the prime factors of 564.
2, 3, 47
What are the prime factors of 5498?
2, 2749
List the prime factors of 716.
2, 179
What are the prime factors of 24687?
3, 13, 211
List the prime factors of 54473.
19, 47, 61
List the prime factors of 972.
2, 3
List the prime factors of 1201.
1201
What are the prime factors of 15950?
2, 5, 11, 29
List the prime factors of 2324.
2, 7, 83
What are the prime factors of 49515?
3, 5, 3301
What are the prime factors of 19783?
73, 271
List the prime factors of 8729.
7, 29, 43
List the prime factors of 11887.
11887
List the prime factors of 6395.
5, 1279
What are the prime factors of 66576?
2, 3, 19, 73
What are the prime factors of 3073?
7, 439
List the prime factors of 654.
2, 3, 109
List the prime factors of 12812.
2, 3203
List the prime factors of 41337.
3, 1531
What are the prime factors of 655?
5, 131
List the prime factors of 4515.
3, 5, 7, 43
List the prime factors of 3339.
3, 7, 53
List the prime factors of 2960.
2, 5, 37
List the prime factors of 323.
17, 19
What are the prime factors of 3265?
5, 653
List the prime factors of 90.
2, 3, 5
What are the prime factors of 75711?
3, 25237
List the prime factors of 8.
2
What are the prime factors of 14206?
2, 7103
List the prime factors of 122804.
2, 11, 2791
List the prime factors of 478.
2, 239
What are the prime factors of 30182?
2, 15091
What are the prime factors of 26561?
26561
List the prime factors of 3691.
3691
What are the prime factors of 1119?
3, 373
List the prime factors of 62.
2, 31
What are the prime factors of 2842?
2, 7, 29
What are the prime factors of 2793?
3, 7, 19
What are the prime factors of 843?
3, 281
List the prime factors of 58900.
2, 5, 19, 31
What are the prime factors of 41347?
173, 239
What are the prime factors of 1122?
2, 3, 11, 17
List the prime factors of 4193.
7, 599
List the prime factors of 1477.
7, 211
List the prime factors of 892.
2, 223
List the prime factors of 49315.
5, 7, 1409
What are the prime factors of 7525?
5, 7, 43
What are the prime factors of 50789?
50789
What are the prime factors of 3368?
2, 421
What are the prime factors of 525?
3, 5, 7
What are the prime factors of 3092?
2, 773
List the prime factors of 179974.
2, 29, 107
List the prime factors of 3215.
5, 643
List the prime factors of 3287.
19, 173
List the prime factors of 4747.
47, 101
What are the prime factors of 485?
5, 97
What are the prime factors of 2971?
2971
List the prime factors of 1869.
3, 7, 89
List the prime factors of 1390.
2, 5, 139
List the prime factors of 21044.
2, 5261
List the prime factors of 2955.
3, 5, 197
List the prime factors of 68868.
2, 3, 1913
List the prime factors of 6994.
2, 13, 269
List the prime factors of 4525.
5, 181
List the prime factors of 28792.
2, 59, 61
List the prime factors of 7923.
3, 19, 139
List the prime factors of 58706.
2, 149, 197
What are the prime factors of 29587?
29587
What are the prime factors of 2598?
2, 3, 433
List the prime factors of 19776.
2, 3, 103
List the prime factors of 625.
5
What are the prime factors of 98?
2, 7
What are the prime factors of 44602?
2, 29, 769
What are the prime factors of 8269?
8269
What are the prime factors of 10145?
5, 2029
What are the prime factors of 16769?
41, 409
List the prime factors of 12760.
2, 5, 11, 29
What are the prime factors of 122337?
3, 23, 197
List the prime factors of 3505.
5, 701
What are the prime factors of 121789?
121789
List the prime fact